)) - -3. What is y(t)?
17
Let q(i) = -327*i - 17*i**2 - 336*i + 994*i - 1 - 331*i. Calculate q(-2).
-69
Let q(w) = -w**3 + w**2 + 110. Let d = -26204 - -26204. Give q(d).
110
Suppose -r + 2*m = -5 - 6, 0 = 4*r - m - 9. Let q(j) be the second derivative of -37*j**5/20 - j**4/6 + j**3/3 - j**2/2 - 3*j. Give q(r).
-38
Let t be (-192)/112*56/(-48). Let l(n) = -17*n + 35. Calculate l(t).
1
Let d(f) = -f**3 - 5*f**2 + 6*f - 3. Let h(u) = u**2 + 7*u + 6. Suppose 19 - 31 = 3*q. Let k be h(q). Give d(k).
-3
Let l(t) = -185*t - 2*t**2 + t**2 - 132*t + 62 + 320*t. What is l(10)?
-8
Let p(q) = -5*q**2 - 43*q + 3. Let z be -4*(13 - 215/20). Calculate p(z).
-15
Let u(h) = 30 + 13 + 2*h**3 + 2*h - h**2 + h + 10 - 47. Give u(0).
6
Suppose 5*g + 2*s + 602 = 3*g, -289 = g + 5*s. Let a = 304 + g. Let b(z) = -z + 5. Determine b(a).
5
Let s be (16/(-10) - -2)*(10 + 5). Let t be -3 - -5 - 3/s*0. Let o(j) = -18*j**2 - 14*j**t + 28*j**2 + 0*j + j. Give o(1).
-3
Let m(f) be the second derivative of -f**4/12 - f**3/6 - f**2 - f. Let d be (-4)/(-5) + (-63)/(-15). Suppose -5*x - 8*g + 3*g = d, 2*g - 4 = x. Determine m(x).
-4
Let o(u) = u**3 - 19*u**2 + 18*u + 10. Let k = -2565 - -2583. Determine o(k).
10
Suppose -2*t - 2*t - 8 = 0. Let d = 2 + t. Let b(y) be the third derivative of y**4/24 - y**3 + 31*y**2 - 2*y. Determine b(d).
-6
Let q be 8/(-8 - 0) + 4/(8/(-6)). Let h(g) = -3 + 4*g**2 + 3*g - g**2 - 2*g**2. Calculate h(q).
1
Let b(h) be the first derivative of 2*h**3/3 + 16*h**2 - 75*h - 13854. Calculate b(-18).
-3
Let u(j) = -270*j - 316*j + 597*j + j**2. Determine u(-11).
0
Let d(h) = 0*h + h - 3 + 5 + 1. Suppose 74 = -f - 19. Let q = 98 + f. Give d(q).
8
Suppose -818*t + d = -814*t + 6, t + 54 = -5*d. Let p(n) be the second derivative of 5*n**3/6 - n. What is p(t)?
-20
Let j = 18086 + -18091. Let a(n) = -4*n + 15. Give a(j).
35
Let l = -33921 + 33922. Suppose -3 = -j - 0. Let y(r) = j - 3*r + 2*r - 1. Determine y(l).
1
Let n(m) = -m**3 + m**2 - m - 3. Let c = 1856 + -1856. Give n(c).
-3
Let v be ((-24)/(-15) - 2)/(82/1435). Let l(t) = -5 + 6 + 0*t**2 + 2 + 7*t + 2*t**2. Determine l(v).
52
Let x(p) = 6*p**2 + 4 - 3*p**2 - 2*p - 2*p**2. Let j = -15 - -49. Let s = 37 - j. What is x(s)?
7
Suppose -l = 4*l + 15. Let u(q) = -4*q**3 - 4*q**2 - 3*q. Let a be u(l). Suppose -111 + a = -5*t. Let s(n) = -3*n + 5. What is s(t)?
-13
Let l(k) = -k**2 - 6*k - 3. Let b = 275 + -257. Suppose 0 = 26*n - 29*n - b. What is l(n)?
-3
Let h(t) be the third derivative of t**6/120 - t**5/60 - t**4/24 - 13*t**3/6 - t**2. Suppose 6*p - 2*o = 109 - 85, -60 = 2*p + 5*o. Determine h(p).
-13
Suppose 186 = -31*q - 24*q + 24*q. Let i(m) = -m**2 + 22. What is i(q)?
-14
Let w(q) = 9*q**3 - 1. Let p(l) = -2*l**3 - 8*l**2 - 3*l - 2. Let b be p(-4). Suppose 30 = 3*u + 2*u - 5*c, c + 14 = 3*u. Let m be (u/b)/(2*4/20). What is w(m)?
8
Let c(r) = 363106*r**2 - 4*r - 363103*r**2 + 0*r - r + 4. Let p = -7 - -9. Suppose -2*l = p - 8. Determine c(l).
16
Let u(d) = 45*d - 23*d - 46 - 36*d. Calculate u(-3).
-4
Suppose -47 = -5*r - 12. Let h(s) = -144 - s**2 + r*s + 4*s + 135. Give h(9).
9
Let t(r) = -15 + 0*r - 14*r + 14. Let f = 11 - 2. Let x(v) = -v + 10. Let n be x(f). What is t(n)?
-15
Let a(c) = -c + 16. Let i be a(10). Let h(m) = -29*m + 96*m - 30*m + i - 30*m. Give h(-4).
-22
Let v(q) be the first derivative of -2/3*q**4 + 16*q + 4/3*q**3 + 1/20*q**5 + 2 - 5/2*q**2. Let u(s) be the first derivative of v(s). Calculate u(7).
2
Let n(p) be the second derivative of 0 + 2*p + 0*p**2 + 13/6*p**3. What is n(-1)?
-13
Suppose 98 + 2 = -32*k + 7*k. Let b(q) = 8*q + 8. Let z(t) = -t - 1. Let l(c) = -6*b(c) - 51*z(c). What is l(k)?
-9
Let s(g) = 4*g + 2. Let t = 174 - 166. Let r(b) = -b**2 + 5*b + 18. Let i be r(t). What is s(i)?
-22
Let n(c) = -1. Let d(i) = 50*i - 2 + 58*i - 109*i. Let r(b) = -d(b) + 3*n(b). Give r(4).
3
Let b(u) = -59*u - 1. Let r(m) = -16*m. Let g(z) = -b(z) + 4*r(z). Suppose 2 = -f + 4. Suppose -a = -3*a + f. What is g(a)?
-4
Suppose z = -7 + 13. Let b(c) be the third derivative of c**4/12 - 5*c**3/6 - c**2 - 49*c. Give b(z).
7
Let i(f) = 7*f - 1. Let b(h) = -15*h + 2. Let q(u) = -3*b(u) - 7*i(u). Suppose 28*y + 46*y = 74. Give q(y).
-3
Let p(f) = 18*f**2 + 37*f - 29. Let g = -473 + 475. Let n(y) = -5*y**2 - 12*y + 9. Let k(r) = g*p(r) + 7*n(r). Calculate k(8).
-11
Let m(f) be the first derivative of -5*f**2/2 - 23*f - 4902. What is m(-8)?
17
Let x(v) = v**2 + v + 8. Let f be 3 + (-3)/(-3) + -5 + 1. Give x(f).
8
Let h(x) = -39*x - 3. Suppose -4*g = -26 + 21 + 17. Determine h(g).
114
Let p be -5 - (-1 - (5/(-1) - -9)). Let n(a) = 2 - 5 + p + 1 + a**2 - 2*a. Let b(m) = m + 2. Let z be b(4). Determine n(z).
22
Let i(h) = 3 + 8*h**2 - 4*h**2 + 2 + 4*h - h**3. Suppose 0 = 4*g + 23 - 3, -4*b - 297 = g. Let v = b - -78. Calculate i(v).
0
Let h(y) = -y - 13. Suppose 2*a = -4*m + 18, -4*a + 5 = m - 10. Give h(a).
-16
Let x(m) = 4*m**2 - 154 + 38 + 32 + 30*m + 49 + 42. What is x(-7)?
-7
Let i(x) be the second derivative of x**4/24 - x**3/6 + 49*x**2/2 + x - 48. Let n(f) be the first derivative of i(f). Give n(-6).
-7
Let v(t) be the second derivative of t**4/6 - t**2 + 4*t. Let m(o) = 5*o - 2. Let p be m(9). Suppose 0 = -p*c + 37*c - 12. What is v(c)?
6
Let n(r) = 47*r - 92 - 16*r - 7*r - 14*r. Determine n(15).
58
Let s(r) = -16*r**3 + 4*r**2 - r - 8. Let m = 16313 + -16315. What is s(m)?
138
Let w(l) = 1552*l**2 - 3486*l**2 - 17*l - 13 - 13 + 1933*l**2. Give w(-6).
40
Let n(z) = 0*z**3 + 125 + z**3 - 67*z + z**2 + 60*z - 6*z**2 - 118. Give n(6).
1
Let r = 39 - 35. Suppose -r*p + 0 = -5*g + 8, 2*g + 5*p + 10 = 0. Suppose 5*k - 4*k - 2*c = -16, -4*k + 5*c - 49 = g. Let y(z) = z**2 + 5*z - 7. Give y(k).
-1
Let x = -706 - -704. Let j(n) = n**2 + 3*n. Determine j(x).
-2
Let c(b) = 8*b - 94. Suppose 8*r - 56 = 35 - 19. Determine c(r).
-22
Let z(h) = -3*h. Let t be (-28)/7*1/(-4). Let k be ((-1)/2)/(t/(-12)). Suppose -f = 4*f - 3*m + 10, -3*f = m + k. Calculate z(f).
6
Let a = 250 - 256. Let n(o) = -3*o - 20. What is n(a)?
-2
Let h(b) be the second derivative of 35*b**3/6 + 4*b**2 - 628*b. Determine h(-2).
-62
Suppose -2*t = w - 3, 3*w + t = -7 + 6. Let y(l) = -6*l**3 - 2*l - 1. Let n be y(w). Let c(b) = b - 11. Give c(n).
-4
Let d(m) = 4*m**3 + 3*m**2 - 2. Let q be 60/(-39) + (-30)/65. Give d(q).
-22
Let m(o) = -17*o**3 - 16*o**2 + 39*o + 97. Let q(b) = 11*b**3 + 19*b**2 - 40*b - 98. Let x(d) = 2*m(d) + 3*q(d). Determine x(23).
-8
Suppose -13*p = -10*p + 9, -3*c + 6 = -2*p. Let z(x) be the second derivative of 3*x - 5/2*x**2 - 1/6*x**3 + c. What is z(-4)?
-1
Let o(r) = -24*r**2 + 6 - r**3 + 56*r**2 + 10*r - 28*r**2. Let d be o(6). Let w(z) = z**3 + 6*z**2 - 6. What is w(d)?
-6
Suppose 7*w - 2889 = -61. Let k = w - 404. Let h(l) = -3*l + 8. Let c(t) = t. Let i(a) = -2*c(a) - h(a). What is i(k)?
-8
Let n(i) be the third derivative of -i**6/120 - 7*i**5/60 + i**4/12 + 11*i**3/6 + 4*i**2 + 1. Suppose -32 = 5*b - 3*q, -3*b + 4*q - 29 + 12 = 0. What is n(b)?
-3
Suppose -2*v - 74*l = -76*l - 16, 0 = -5*v - 4*l - 86. Let x(b) be the first derivative of -b**4/4 - 2*b**3 + b**2 - 8*b - 1. Calculate x(v).
-20
Let l(m) = 3*m - 3. Let p(x) = x - 1. Let o(f) = l(f) - 2*p(f). Suppose 9*y - 30 = 3*y. Let h be o(y). Let s(j) = j**2 - 5*j - 5. Give s(h).
-9
Let l(v) be the first derivative of -v**3/3 + 3*v**2/2 + 7*v - 128. Let f(d) = -3*d - 12. Let g be f(-6). What is l(g)?
-11
Suppose -210*o + 215*o - 115 = 0. Let g(t) = -4 + 10 - o*t + 20*t. What is g(4)?
-6
Let y be ((-9)/(-4))/((-9)/96). Let g = y + 40. Suppose g*k - 6*k + 70 = 0. Let a(p) = p + 10. What is a(k)?
3
Let l(h) = -8*h**2 - 214*h - 358. Let n be l(-25). Let s(k) = k**2 + 14*k + 11. Let p(q) = -q - 1. Let m(o) = -4*p(o) - s(o). Calculate m(n).
9
Let q(n) = 2*n - 548 + 185 + 184 + 181. What is q(-4)?
-6
Let o(a) = 13*a - 1. Let y be o(2). Let u(l) be the first derivative of y - 3*l + 42 - l**2 - 100. What is u(-2)?
1
Let h(v) be the second derivative of v**3 + v**2 - 13*v. Let y = -28 - -16. Let l be -2*1*(-18)/y. Calculate h(l).
-16
Let l(y) = y + 1. Let g be (39/78)/((1/(-2))/1). Let a(o) = -2*o + 2. Let u(k) = g*a(k) - 3*l(k). Let s be (-4)/10 - (-4)/10. Give u(s).
-5
Let i(x) be the third derivative of x**5/24 - 5*x**4/24 - 73*x**3/6 - 86*x**2. Let b(y) 